a + 2. Let k(n) = 10*n**2 - 2*n + 3. Let z(f) = -3*i(f) + 2*k(f). Calculate z(u).
-14
Let p be 3/1 - 6/6. Let g(m) = -2*m**2 + p + 4*m**2 - 3*m**2 + 0*m**2. Let i be 0*(5 - 3)/(-2). What is g(i)?
2
Suppose 3*z + 35 = 4*x, 5*x = -4*z + x - 28. Let j(n) = n**2 + 9*n + 5. Let s be j(z). Suppose -5*t - g = 10, g + 10 = -s*t + 3*g. Let q(m) = -m**2. Give q(t).
-4
Let m(b) be the first derivative of 1 + 1/3*b**3 + 4*b - 5/2*b**2. Let q be m(5). Let y(f) = -f**3 + 3*f**2 + 4*f - 3. What is y(q)?
-3
Let i(k) = -k - k - k + 2*k. Suppose 0 = -14*q + 9*q - 30. Calculate i(q).
6
Let d(s) be the second derivative of 0 + 1/3*s**3 - s - 1/2*s**2 - s**4. Give d(1).
-11
Suppose 5*r - 9 = -3*c, -4*c + 5*r - 3*r = 14. Suppose -1 = -5*k + 4. Let u be (c/k)/(0 - 2). Let m(y) = 3*y**3 + y**2. Determine m(u).
4
Let p(w) be the first derivative of -7*w**4/4 + w**3/3 - w**2 + w + 2. What is p(1)?
-7
Let k be 22/(-66) + 2/(-3). Let s(a) = 7*a**2 + a + 1. Calculate s(k).
7
Let b(j) = -99 + 98 - 3*j - 5*j. What is b(1)?
-9
Let o be 2/(2/4 + 0). Let d be (9/(-3))/(6/o). Let p(z) = -3*z + 2. Determine p(d).
8
Let y(a) = a**3 - 3*a**2 + 4*a - 1. Let z(p) = -3*p**3 + 10*p**2 - 13*p + 2. Let o(j) = 7*y(j) + 2*z(j). Suppose -4*l + 16 = 4*l. What is o(l)?
5
Let v(c) be the third derivative of -c**4/24 - 5*c**3/6 - 3*c**2. Let g(h) = -h**2 - 3*h. Let b be g(-4). What is v(b)?
-1
Let z(i) be the third derivative of -i**5/30 + i**4/8 + i**3/6 - i**2. Determine z(4).
-19
Let v(u) = -10*u + 3*u + 8*u + u**2 + 5 + 0. What is v(0)?
5
Let o(d) be the first derivative of -d**3/3 + 7*d**2/2 + 1. Give o(7).
0
Let f(c) = 0*c - c + 0*c - 8. Let m be (14/42)/(1/18). Suppose 0 = m*x - 2*x. Calculate f(x).
-8
Let v(y) = -2*y + 3. Let j = 2 + 2. Calculate v(j).
-5
Suppose 0*n = -2*n + 4. Let k(u) = -5 + 2*u**2 + 2*u**3 - 8*u**n - 3*u**3 - 7*u. Give k(-4).
-9
Let f(z) = z**3 - 3*z**2 - 4*z + 1. Suppose -a + 2*p + 13 = p, 5*a - 4*p = 62. Suppose -g = g - a. Let m(q) = q**3 - 4*q**2 - 3*q - 6. Let n be m(g). Give f(n).
1
Let v(d) be the second derivative of -d**4/12 + 3*d**2/2 + d. Suppose -2*o = -3*o. Give v(o).
3
Let f = -4 + 0. Let y = -1 - f. Let q(d) = 3*d. Calculate q(y).
9
Let l(o) = 1 + o - o - o - 3*o**2. Let v(c) = c**2 + 9*c + 15. Let h be v(-7). Determine l(h).
-3
Let z(b) be the second derivative of 1/3*b**4 + 5*b - 1/20*b**5 + 1/3*b**3 - 2*b**2 + 0. Give z(3).
11
Let u be (4/6)/(2/3). Let q = 0 + u. Let h be q + (-2)/(-6)*3. Let p(g) = -g**3 + g**2 - 3*g + 3. What is p(h)?
-7
Let w(g) = g - 7. Let l(n) = -n - 4. Let o = -18 - -10. Let q be l(o). What is w(q)?
-3
Let o = 6 + -5. Let w be 1 - (1 - -1) - o. Let c(q) = 3*q**3 + 4*q**2 - q - 5. Let u(t) = -4*t**3 - 4*t**2 + t + 6. Let s(n) = w*u(n) - 3*c(n). Calculate s(-4).
-1
Let a(b) = 3*b + 1. Let w be a(1). Let d(n) = n**3 - 5*n**2 + 3*n - 3. What is d(w)?
-7
Let s(j) = j. Let x(w) = 2*w**2 + 30*w - 19. Let a be x(-16). Let m(v) = 8*v - 1. Let n be m(1). Let g = n - a. Give s(g).
-6
Suppose -4*g + 5 = -19. Suppose f - 5 = -g. Let z(k) = -3*k**2 - 1. What is z(f)?
-4
Let j(w) be the third derivative of -w**4/24 - w**3/6 + 2*w**2. Let n = 2 + -1. Let i(f) = 5*f**3 + f - 1. Let s be i(n). Give j(s).
-6
Let y(d) be the second derivative of -d**5/20 - 5*d**4/12 + 7*d**3/6 + 9*d**2/2 - 14*d. Calculate y(-6).
3
Let y(w) = -5*w**2 + 3*w + 4*w**2 - 2*w + 3*w**2. Give y(1).
3
Let x(r) be the third derivative of r**5/60 - r**4/6 - r**3/6 + 4*r**2. Let l be x(4). Let v(c) = c**2 + c. What is v(l)?
0
Let l(o) = o**3 - 2*o**2 - o + 3. Let h = -72 + 75. Calculate l(h).
9
Let z = 12 + -10. Let x(b) = 7*b**z - b**2 + b - 5*b**2 - 1. Let i(u) = -u**3 - 7*u**2 - 6*u. Let t be i(-6). Calculate x(t).
-1
Let g(b) = -b + 31. Let p be g(31). Let q(a) = a**2 - a + 8. Give q(p).
8
Let f = -18 - -14. Let k(h) = 2*h. What is k(f)?
-8
Let d(t) = -t**2 + 6 + 0*t - 1 + 3 - 6*t. What is d(-6)?
8
Let q(s) be the first derivative of s**4/12 - s**3/3 + s**2/2 + 1. Let d(f) be the second derivative of q(f). Calculate d(5).
8
Let x(n) = -n**3 - 4*n**2 + 2*n + 3. Let a be x(-4). Let c(s) = s**2 + 3*s - 6. Determine c(a).
4
Suppose 2*w - w = 4. Let d(x) = 2*x + 0 - w - 3*x. Calculate d(-5).
1
Let s be 30/12 + 1/2. Let w(a) = 3 + 2*a + 16*a**3 + 4*a**2 - s*a**2 - 17*a**3 + a. Determine w(3).
-6
Let k be (8/(-16))/(2/(-16)). Let t(i) be the first derivative of 3*i + k + 1/3*i**3 + 7/2*i**2. Determine t(-5).
-7
Let k(y) = -1. Let p(g) = -g - 16. Let z(h) = 6*k(h) - p(h). What is z(0)?
10
Let r be (4/8)/((-2)/4). Let t(m) = 5*m. Give t(r).
-5
Let k(f) = -25 + 29 + 5*f - f**2 + 0*f**2 + 3*f. Calculate k(7).
11
Let i(s) = -5*s**2 - 12*s - 7. Let f(p) = -2*p**2 - 6*p - 4. Let g(d) = -7*f(d) + 3*i(d). Let n be (-9)/(-6) - (-42)/12. Give g(n).
12
Let i(t) = 0*t + 7*t - 4*t - 8*t + 1. Give i(-3).
16
Let b(y) = -9*y + 2. Let z(p) = -p + 1. Suppose 4 = -h + 1. Let s(d) = h*z(d) + b(d). Give s(1).
-7
Let y(n) = -n - 11. Let t(f) = -1. Let r be (-2)/(-5) - (-14)/(-10). Let o(p) = r*y(p) + 2*t(p). Give o(-5).
4
Let s(f) be the third derivative of -f**9/60480 + f**6/720 - f**5/60 + f**2. Let p(o) be the third derivative of s(o). Let w be (-1)/4 - 80/(-64). What is p(w)?
0
Let w(o) = o**2 + 4*o + 1. Let b be (-12)/((-6)/4 - 0). Let g be (-1*b + -2)*1. Let c = g - -7. Give w(c).
-2
Let u(f) = -f + 5. Suppose -5*i - 2*j = 2*j - 21, -2 = 2*j. What is u(i)?
0
Let a(x) = x**2 - 2*x + 3. Suppose 5 = 7*b - 23. Determine a(b).
11
Let d(i) = i - 2 + 4*i - 4*i - 5. Suppose -2*s - 16 = -3*c, -5*c - s + 9 = -22. Determine d(c).
-1
Suppose -3*c + b + 2*b + 6 = 0, 2*b - 16 = -2*c. Suppose 2*l + 2*l = -4, 0 = 2*j + 4*l. Let w(r) = 2 + j*r**2 - 5*r - r**2 + 4. Give w(c).
6
Let r(x) = -7*x**2 - 4*x + 7. Let a(q) = -20*q**2 - 12*q + 20. Suppose -5*o + 19 = -11. Let b(t) = o*a(t) - 17*r(t). Suppose 3*j - j = -6. Determine b(j).
4
Let r be (-3)/4*(-32)/12. Suppose r*y - 2 = 8. Let u(i) = i**3 - 5*i**2 - i + 1. What is u(y)?
-4
Let b(w) = -6*w. Let l(z) = -z**3 - 3*z**2 - 4*z - 3. Let u be 2*((-2)/(-1) + 2). Suppose 4*k - p + u = 0, 0 = -p - 2*p. Let s be l(k). Give b(s).
-6
Let y(p) = 4*p**2 + 4*p - p**3 + 5*p - 2*p - 4. Let d(g) = -g**3 - 9*g**2 + 5. Let k be d(-9). Suppose h - k = -0*h. What is y(h)?
6
Let i(z) be the first derivative of z**3/2 + z**2 - 5*z - 6. Let t(h) be the first derivative of i(h). Calculate t(-2).
-4
Let x be 3 - (-2 - (-24)/4). Let w = -6 - -8. Let m(i) = -2*i**w + 4*i**2 + i**2. Calculate m(x).
3
Suppose 5*c = 10 - 0. Suppose 3*i + i = 12. Let y(r) = 3*r - c*r**2 + 4 - 2*r**i - r - 5. What is y(1)?
-3
Let y(k) = k**3 - 2*k**2 + 2. Suppose 7 + 7 = -2*a. Let b = a - -10. Suppose -1 = l - b. Determine y(l).
2
Let r(f) = f**3 + 7*f**2 + 2. Suppose -29 + 1 = 4*z. Calculate r(z).
2
Let n = 34 - 30. Let g(o) be the second derivative of 2/3*o**3 + 0 + 1/12*o**n + 2*o + 3/2*o**2. Calculate g(-4).
3
Suppose 5*d - 5 = 0, d + 0*d = 2*m - 15. Let f = -4 + m. Let s(x) = 2*x**2 + 0*x - f*x**3 + 3*x**3 - x. Calculate s(2).
-2
Let x(o) = -o**3 - o**2 + o - 1. Let w(g) = -7*g - 23. Let p(j) = 4*j + 11. Let q(h) = 5*p(h) + 3*w(h). Let r be q(-14). Determine x(r).
-1
Suppose 2*s = q + 5, 5*q = -s - 1 - 2. Let h(i) = 9*i - 9. Let a(c) = 5*c - 5. Let j(u) = -11*a(u) + 6*h(u). What is j(q)?
2
Let v(p) = p**2 - 10*p - 8. Let n be v(11). Suppose -z - n = 5. Let o = z - -11. Let c(j) = j**3 - 2*j**2 - 2*j - 1. What is c(o)?
2
Let o(x) = x**2 - 6*x + 6. Let z = -4 + 8. Let h be o(z). Let p(m) = m**2 - m. Give p(h).
6
Let n(r) be the second derivative of 2*r + 0 + 1/6*r**3 + 1/12*r**4 + 0*r**2. Let i(w) = -w**3 + 5*w**2 - 4*w. Let s be i(4). What is n(s)?
0
Let f(d) = 8*d**2. Let s be 0*3/(-9)*1. Suppose 7*z - 3*z - 4 = s. Suppose k + z = 2. Determine f(k).
8
Let v = -1 - 2. Let f(k) = k - 3. Let r(u) = 3. Let l(q) = v*r(q) - 2*f(q). Calculate l(-4).
5
Suppose -4*j = 5*t - 5, -5*t + 39 + 11 = -5*j. Let u(l) = -4*l + 6. Let b(x) = -5*x + 6. Let g(m) = 2*b(m) - 3*u(m). Calculate g(t).
4
Let w(v) = v**3 + 3. Let z = -6 - -6. What is w(z)?
3
Let c be (-2 + 3)*1 + 2. Let y(u) = -6*u + 1. Let o(p) = -7*p. Let t(g) = 2*o(g) - 3*y(g). Determine t(c).
9
Suppose -4*g + h - 16 = 5*h, 0 = -3*g - 5*h - 18. Let n(i) = -9*i**3 + i + 1. Determine n(g).
9
Let d(q) = -q**3 + 7*q**2 - 5*q - 4. Let o be d(6). Suppose -c + 6